195?
39
Calculate the highest common divisor of 9 and 207.
9
What is the greatest common factor of 211 and 33?
1
Calculate the highest common factor of 120 and 9720.
120
Calculate the highest common divisor of 8 and 232.
8
Calculate the highest common factor of 8688 and 16.
16
What is the greatest common factor of 638 and 11?
11
Calculate the highest common divisor of 10030 and 2720.
170
Calculate the greatest common factor of 306 and 18.
18
Calculate the greatest common factor of 1360 and 85.
85
Calculate the greatest common divisor of 45 and 55.
5
Calculate the greatest common factor of 435 and 58.
29
What is the greatest common factor of 12 and 4?
4
Calculate the greatest common divisor of 105 and 1869.
21
What is the greatest common factor of 561 and 33?
33
What is the highest common divisor of 238 and 442?
34
Calculate the highest common divisor of 1472 and 138.
46
Calculate the highest common divisor of 36 and 36.
36
What is the highest common divisor of 32 and 800?
32
Calculate the highest common factor of 8880 and 1680.
240
What is the highest common divisor of 26546 and 130?
26
What is the greatest common factor of 112 and 704?
16
What is the greatest common divisor of 7 and 52619?
7
Calculate the greatest common factor of 923 and 284.
71
What is the greatest common factor of 440 and 38940?
220
What is the greatest common factor of 3485 and 170?
85
What is the greatest common factor of 1792 and 14?
14
Calculate the greatest common divisor of 45 and 36.
9
Calculate the highest common divisor of 29 and 153526.
29
What is the greatest common factor of 154 and 550?
22
What is the greatest common divisor of 5888 and 23?
23
What is the highest common divisor of 1159 and 19?
19
What is the highest common factor of 99 and 63?
9
What is the greatest common divisor of 9 and 21969?
9
Calculate the highest common divisor of 68 and 1207.
17
What is the greatest common factor of 3872 and 32?
32
What is the greatest common divisor of 1692 and 47?
47
Calculate the highest common factor of 9 and 57.
3
Calculate the highest common factor of 13112 and 176.
88
Calculate the greatest common factor of 36 and 6354.
18
What is the highest common divisor of 12418 and 14?
14
Calculate the highest common factor of 8 and 156.
4
What is the greatest common divisor of 83 and 1162?
83
Calculate the highest common divisor of 168 and 119.
7
Calculate the greatest common divisor of 2 and 426.
2
What is the highest common factor of 64 and 28?
4
Calculate the highest common divisor of 133 and 9576.
133
Calculate the greatest common divisor of 462 and 15862.
154
What is the greatest common factor of 5 and 485?
5
What is the greatest common divisor of 260 and 70?
10
Calculate the highest common divisor of 1243 and 3842.
113
What is the highest common divisor of 35 and 2?
1
What is the greatest common divisor of 7712 and 256?
32
Calculate the greatest common factor of 5149 and 57.
19
What is the greatest common divisor of 44 and 1826?
22
Calculate the greatest common divisor of 84 and 756.
84
Calculate the greatest common factor of 180 and 36.
36
Calculate the greatest common factor of 48 and 408.
24
What is the greatest common factor of 243 and 1377?
81
Calculate the greatest common factor of 58 and 74.
2
Calculate the greatest common divisor of 36 and 882.
18
Calculate the highest common factor of 2585 and 77.
11
Calculate the greatest common factor of 5219 and 17.
17
Calculate the highest common divisor of 342 and 1520.
38
Calculate the highest common divisor of 33 and 2321.
11
Calculate the greatest common divisor of 3875 and 31.
31
What is the greatest common divisor of 35 and 280?
35
What is the highest common divisor of 10 and 1780?
10
Calculate the highest common factor of 10 and 22.
2
What is the greatest common divisor of 285 and 105?
15
Calculate the highest common factor of 484 and 1364.
44
What is the greatest common factor of 5 and 5?
5
What is the greatest common divisor of 10 and 10445?
5
What is the greatest common divisor of 78 and 4680?
78
What is the greatest common factor of 75 and 2955?
15
Calculate the greatest common divisor of 492 and 12.
12
What is the greatest common factor of 319 and 7?
1
What is the highest common factor of 252 and 28?
28
Calculate the highest common factor of 529 and 1.
1
What is the highest common factor of 6 and 4410?
6
What is the greatest common divisor of 440 and 154?
22
Calculate the greatest common divisor of 5180 and 120.
20
Calculate the greatest common factor of 90 and 10.
10
What is the highest common divisor of 3224 and 104?
104
What is the greatest common divisor of 248 and 8?
8
What is the highest common factor of 9 and 117?
9
Calculate the greatest common factor of 80 and 410.
10
Calculate the highest common divisor of 120 and 2920.
40
What is the highest common factor of 44 and 32?
4
What is the greatest common divisor of 8 and 1706?
2
What is the greatest common factor of 90 and 1455?
15
What is the highest common divisor of 285 and 950?
95
Calculate the greatest common divisor of 36 and 84.
12
Calculate the greatest common factor of 180 and 340.
20
What is the greatest common factor of 732 and 396?
12
What is the highest common divisor of 294 and 714?
42
Calculate the highest common divisor of 5525 and 221.
221
Calculate the greatest common factor of 2146 and 29.
29
What is the highest common divisor of 161 and 28?
7
Calculate the greatest common divisor of 153 and 11781.
153
Calculate the greatest common factor of 10 and 1370.
10
What is the highest common divisor of 1314 and 162?
18
What is the highest common divisor of 60088 and 28?
28
Calculate the greatest common factor of 3993 and 88.
11
Calculate the greatest common factor of 22 and 913.
11
What is the highest common factor of 570 and 19?
19
Calculate the highest common factor of 2058 and 245.
49
What is the greatest common divisor of 48 and 4416?
48
What is the greatest common factor of 3810 and 45?
15
Calculate the greatest common factor of 261 and 609.
87
Calculate the highest common factor of 5454 and 54.
54
Calculate the highest common factor of 92484 and 126.
126
Calculate the greatest common divisor of 1085 and 70.
35
Calculate the greatest common divisor of 770 and 882.
14
Calculate the highest common factor of 120 and 48.
24
Calculate the highest common factor of 1068 and 1176.
12
What is the highest common factor of 24 and 12?
12
What is the greatest common divisor of 2488 and 8?
8
Calculate the greatest common factor of 4725 and 375.
75
Calculate the greatest common divisor of 29 and 2784.
29
Calculate the greatest common factor of 1470 and 147.
147
Calculate the highest common divisor of 8 and 424.
8
What is the highest common divisor of 8 and 21992?
8
What is the greatest common divisor of 9452 and 612?
68
Calculate the highest common factor of 15 and 1800.
15
Calculate the highest common divisor of 95 and 1273.
19
Calculate the greatest common divisor of 230 and 138.
46
Calculate the highest common divisor of 37 and 481.
37
What is the highest common divisor of 96 and 3344?
16
What is the greatest common divisor of 1416 and 24?
24
Calculate the greatest common factor of 30 and 10.
10
What is the highest common factor of 140 and 595?
35
Calculate the greatest common factor of 2 and 16442.
2
Calculate the highest common divisor of 351 and 1144.
13
What is the greatest common divisor of 72 and 64?
8
Calculate the highest common divisor of 12 and 111.
3
What is the highest common factor of 2313 and 9?
9
What is the greatest common divisor of 128 and 448?
64
Calculate the greatest common factor of 16 and 360.
8
What is the highest common factor of 138584 and 136?
136
Calculate the highest common divisor of 9 and 15.
3
What is the greatest common divisor of 1750 and 5075?
175
What is the greatest common factor of 45 and 18?
9
What is the highest common divisor of 45 and 12405?
15
What is the highest common divisor of 3 and 47?
1
Calculate the highest common divisor of 12 and 230.
2
Calculate the greatest common divisor of 11761 and 76.
19
What is the highest common divisor of 36 and 1566?
18
What is the highest common divisor of 81 and 99?
9
Calculate the greatest common factor of 85 and 20.
5
Calculate the highest common divisor of 572 an